0 + (-22)/(-8). Let f = g - 18. What is the remainder when 19 is divided by (-4)/(-6) + (-140)/f?
9
Let s(k) = k**3 + 6*k**2 - 3*k - 9. What is the remainder when 114 is divided by s(-5)?
21
Let w be 4/6*48/2. Suppose 5*f + w = 1, 5*q - 3*f - 34 = 0. Let u(n) = -10*n - 1. Calculate the remainder when u(-1) is divided by q.
4
Let t = 36 - 13. Let x(m) = m**3 - 4*m**2 - 2*m - 7. What is the remainder when t is divided by x(5)?
7
Let f(q) = 55*q + 12. Let a be f(4). Let t = -249 + 93. Let y = t + a. Calculate the remainder when y is divided by 26.
24
Let a(h) = 93*h**3 - 5*h**2 + 3. Let i(c) = 140*c**3 - 8*c**2 + 5. Let p(u) = 8*a(u) - 5*i(u). What is the remainder when p(1) is divided by (3/2)/((-2)/(-20))?
13
Let h = 67 - 41. Suppose 98 = -378*i + 385*i. What is the remainder when h is divided by i?
12
Let o be (-1)/(2/(-17))*-76. Let p = -428 - o. Suppose -f - 2*z + p = 3*f, -5*f + z + 276 = 0. Calculate the remainder when f is divided by 19.
17
Let j = -35 - -46. What is the remainder when 43 is divided by j?
10
Suppose 0 = -b + 2 + 12. Let l = 4 + 36. What is the remainder when l is divided by b?
12
Suppose -6*h - 28 = -2*h. Let c = h + 11. Calculate the remainder when 6 is divided by c.
2
Suppose 6*c - 209 = -5*c. Calculate the remainder when 92 is divided by c.
16
What is the remainder when 8 + 13 + 1/(-1) is divided by 7?
6
Let g = 103 + -33. Calculate the remainder when g is divided by 1/(1 + 23/(-24)).
22
Let v = -108 + 151. Calculate the remainder when v is divided by ((-50)/(-5))/((-2)/(-3)).
13
Suppose -3*d - 4*r + 279 = 0, 0 = -4*d - r - r + 372. What is the remainder when d is divided by (-4)/8*0 + 24?
21
Let j = -10 - -12. Calculate the remainder when j is divided by 2.
0
Suppose u = 0, 0 = x - 6*x - 4*u + 225. What is the remainder when x is divided by 17?
11
Let n(f) = -f**2 + 14*f - 11. Calculate the remainder when 99 is divided by n(5).
31
Let c(w) = -2*w - 7. Let t be c(-6). Suppose -t*z + 0*z + 55 = 0. Calculate the remainder when z is divided by 6.
5
Let o = 201 + 21. Calculate the remainder when o is divided by 32.
30
Let j(q) = 2*q**2 - 4*q + 3. Suppose 2*r + 0*r - 8 = 0. Suppose 0 - 8 = -r*l. Calculate the remainder when j(l) is divided by 2.
1
Let s be 0 + 43 - (3 - 1). Suppose 38 = 5*t + 2*z - s, 3*z - 6 = 0. Calculate the remainder when ((-43)/2)/((-2)/4) is divided by t.
13
Let m(p) = p**3 - 5*p**2 + 3. Calculate the remainder when 6 is divided by m(5).
0
What is the remainder when 184 is divided by 11 - 0*4/24?
8
Let y(w) = -w + 31. What is the remainder when y(0) is divided by 11?
9
Suppose 13 + 5 = 3*s. What is the remainder when s is divided by 4?
2
Suppose 0 = -4*t + 4*x + 20, -3*x = 5*t - 4*x - 37. Suppose -36 = -3*h - 0. Suppose -h = -0*c - 4*c. Calculate the remainder when t is divided by c.
2
Suppose -108 = -2*i + 2*o, 4*o = 2*i + i - 157. Calculate the remainder when i is divided by 20.
19
Let a(z) = 5*z**2 - z - 4. Let b(u) = -14*u**2 + 3*u + 12. Let n(r) = -11*a(r) - 4*b(r). Calculate the remainder when n(3) is divided by 2.
0
Let h = 74 - 68. Calculate the remainder when 9 is divided by h.
3
Let c(h) = 2*h**2 - 4. Let z(l) = l**3 + 4*l**2 + 6*l + 6. Let d be z(-4). Let v = d + 43. Calculate the remainder when v is divided by c(-3).
11
Suppose -1 = -p - 4, 5*t + p = 97. Let r = -3 + 6. Suppose 2*j - r*j = -t. What is the remainder when j is divided by 11?
9
Let h(r) = -r**3 - 3*r**2 + 4*r - 7. Let p be h(-5). Suppose 3*b - 10 = p. Let t = -24 - -44. What is the remainder when t is divided by b?
9
Let n(q) = q - 4. Let o be 202/22 + 4/(-22). Let p be n(o). Suppose -p*h - 3*d = -44, 0 = -h + 2*h - 2*d - 1. What is the remainder when h is divided by 4?
3
Let i = -52 + 74. What is the remainder when i is divided by 6?
4
Let u = 1 - 1. Suppose n + 3*c + 19 = u, 4*n - 7*c = -2*c + 9. Calculate the remainder when 3 is divided by n*1*1/(-2).
1
Let x(f) = 3*f**2 + 3*f + 2. Suppose 3*y - 16 = -5*s, -4*y = 3*s - 8 - 6. Let o(i) = 4*i**2 - 2*i + 3. Calculate the remainder when o(s) is divided by x(-2).
7
Let y = -91 + 116. What is the remainder when 197 is divided by y?
22
Let l(j) = 2*j - 3. Let p be l(3). Let z(d) = 4*d**2 - 3*d + 2. What is the remainder when z(p) is divided by 16?
13
Let o(h) = 2*h**2 - h + 3. Let l be 3 + (-3)/(-4 + 1). What is the remainder when o(l) is divided by 17?
14
Let j be (-2)/(-3)*54/(-12). What is the remainder when 4 is divided by (-1 + 2)/((-1)/j)?
1
Let x = -21 - -63. Suppose 0 = -2*n + 3*r + 46, 2*n - 2*r - x = -0*r. Suppose -l = -o - o - n, 2*l = -4*o + 10. What is the remainder when l is divided by 4?
3
Suppose 10*m - 11*m = -6. Calculate the remainder when 10 is divided by m.
4
Let i = -13 + 18. Let b be (-3)/((-4)/(32/6)). Suppose 2*v = r - 5, 7 = b*v - 1. Calculate the remainder when r is divided by i.
4
Suppose i = -3*u + 2, -i + 24 = i - 4*u. What is the remainder when 30 is divided by i?
6
Suppose -2*c = -c - 5. Let k(g) = -g**2 + 5*g + 3. What is the remainder when k(c) is divided by 2?
1
Calculate the remainder when 6 is divided by (3/(-3))/(-1)*4.
2
Let s = 5 + 10. Suppose -3*t = -2*t - s. Let b(o) = 6*o + 27. What is the remainder when t is divided by b(-3)?
6
Calculate the remainder when (20/(-55))/(-2) + 6332/22 is divided by 58.
56
Suppose -u - 3 = 13. Let k = -9 - u. What is the remainder when k is divided by 5?
2
Suppose 3*p = p + 5*r + 75, 5*r - 275 = -5*p. Let v(i) = -i**2 - 9*i + 3. Calculate the remainder when p is divided by v(-7).
16
Calculate the remainder when 18/((-3)/(-7 - -4)) is divided by 0 - 0 - -1*10.
8
Suppose r + r = 0. Suppose -52 = -2*j - r*j. What is the remainder when j is divided by 7?
5
Suppose 3*h - h - 176 = 0. Suppose 2*v = h - 18. Suppose 0 = -2*s + 4*q + 20, 0*s - 2*s + 27 = 3*q. What is the remainder when v is divided by s?
11
Suppose -4*l - 5*i - 302 = -1067, -5*i + 375 = 2*l. What is the remainder when l is divided by 18?
15
Let t(d) = -2*d - 7. Calculate the remainder when -2 - (2*-15)/3 is divided by t(-5).
2
Let m = -9 + -35. Let u = m - -79. Calculate the remainder when u is divided by 19.
16
Suppose 0*h - h = -39. Suppose -3*t = -0*t - h. What is the remainder when 1/(1/22) - -1 is divided by t?
10
Let c = 1 + 3. Suppose -o + 186 = c*n + o, -3*n + o = -127. Calculate the remainder when n is divided by 15.
14
What is the remainder when 7 is divided by 6/(-27)*3*-3?
1
Suppose f + 5*u = -5, -90 + 19 = -5*f - u. Let w = 8 - 9. Let o = f + w. What is the remainder when 26 is divided by o?
12
Let y = 25 - -9. Calculate the remainder when y is divided by 18.
16
Calculate the remainder when 27 is divided by (6/4)/(3/16).
3
Let u be (-3 - 0) + (-164)/(-4). Let v = -23 + u. What is the remainder when 58 is divided by v?
13
Suppose 0*h = 2*h + 3*v - 134, -5*h + 5*v = -285. Suppose 3 = 3*f - 60. Calculate the remainder when h is divided by f.
19
Let q(t) = -2*t - 2. Let v be q(-2). Suppose v*k = -5*n + 38, -n - 5*k + 18 = -2*k. What is the remainder when 11 is divided by n?
5
Let u = -101 + 157. What is the remainder when u is divided by 15?
11
Let f(y) = -10*y**2 - 2*y + 4. Let b be f(4). Calculate the remainder when 52 is divided by (-14)/63 + b/(-9).
16
Suppose -u - 6 = -4*u. Suppose -u*a - 7 = 1, -12 = -2*i + a. What is the remainder when 13 is divided by i?
1
Suppose 0 = -8*a + 6*a + 16. Calculate the remainder when 22 is divided by a.
6
Suppose -11*i + 5 + 83 = 0. What is the remainder when 22 is divided by i?
6
Let g(m) = -m**2 - 9*m + 6. Let k(q) = q**3 - 8*q**2 + 7*q - 8. Let b be k(7). Calculate the remainder when g(b) is divided by (3/(-6))/((-2)/20).
4
Suppose 0*f = 4*g + f - 40, -5*g = 5*f - 35. What is the remainder when 28 is divided by g?
6
Suppose -3*y + 96 = -0*y. Let a(h) = -h**2 + 7*h - 10. Let n be a(8). Let r = n - -29. Calculate the remainder when y is divided by r.
10
Let b = -120 + 202. What is the remainder when b is divided by 14?
12
Let j = -12 - -36. Let w(i) = 12*i. Let k be w(1). Suppose -14 = -2*z + k. What is the remainder when j is divided by z?
11
Let l(v) = -v**3 + 9*v**2 + 3. Calculate the remainder when 6 is divided by l(9).
0
Suppose -z = 1 - 3. Suppose -5*i - 5*f = -60, -46 = -4*i - z*f - 0*f. Calculate the remainder when i is divided by 6.
5
Let m(f) = -6*f - 6. Let i be m(-6). Let b = i + -18. 